 Let g = i + 56. What is the units digit of g?
7
Let r = -242 + 1612. What is the hundreds digit of r?
3
Suppose 3*r + 6*j - 9*j = 1953, -j = -4. What is the units digit of r?
5
Let b(a) = -a**2 - 9*a - 6. Let i be b(-7). What is the tens digit of 2/(i/(-6)) - (-1085)/10?
0
Suppose -12*t = -946 - 10538. What is the hundreds digit of t?
9
Suppose 0 = -n - n. Let a = 4 + n. Suppose -h + 38 = a*o, 0 = 4*h + 3*o - 0*o - 100. What is the units digit of h?
2
Let g(a) = 2*a**3 - a**2 + a + 1. Let f be g(0). What is the hundreds digit of ((-115)/3)/(1*f/(-3))?
1
Let j = 803 - 224. Suppose 0 = 2*t - 5*z - j, 6*t + 3*z - 1370 = t. What is the hundreds digit of t?
2
Suppose 73805 + 65655 = 38*r. What is the tens digit of r?
7
Let j be 19*(5 - 1 - 5). Let s = 51 + j. What is the units digit of s?
2
Suppose 0 = -7*n + 281 + 76. What is the tens digit of n?
5
Suppose -k + 164 + 84 = 0. What is the tens digit of k?
4
Let y = -1428 + 3589. What is the thousands digit of y?
2
Let g be ((-4)/(-6))/(2/534) - 0. Suppose -2*a + 3*a = r - 57, 4*a = -3*r + g. What is the units digit of r?
8
Suppose h + 5*r - 336 = 0, r + 587 = 4*h - 757. What is the tens digit of h?
3
Suppose -5*t - 5*i + 11305 = 0, -11*t + 13*t = -5*i + 4507. What is the thousands digit of t?
2
Let o(y) = -2*y**3 - 26*y**2 + y - 4. Let p(z) = -z**2 + z - 1. Let x(d) = -o(d) + 5*p(d). What is the units digit of x(-10)?
9
Let j = 13 + 0. Let o(y) = -y**2 + y**3 + 12*y + y**2 - j*y + 23. What is the tens digit of o(0)?
2
Suppose 11 = -k + 5. Let o(d) = -d**2 - 6*d + 2. Let c be o(k). What is the units digit of -3 + 28 + -4 + c?
3
Suppose -2*n + 7*n - 175 = 0. Let t = 61 - 24. Let g = n + t. What is the tens digit of g?
7
Suppose 863*z - 855*z - 18936 = 0. What is the units digit of z?
7
Let f(m) = 3*m**2 + 5*m - 5. Let r be f(2). Let d = -13 + r. Suppose 4*b = -5*x + 76 + 4, 0 = -5*x + d*b + 80. What is the units digit of x?
6
Let x = -70 - -92. Suppose 5*o - 43 = x. What is the units digit of o?
3
Suppose 0 = -8*m + 33 - 9. Suppose -2*x - 10 = -m*x. What is the tens digit of x?
1
Let v be 1/(3 + 28/(-10)). Suppose 7 = v*z + 2. Suppose 0 = -5*m - 10, -y - 5*m = -0 + z. What is the units digit of y?
9
What is the hundreds digit of (5*-29)/(78/(-2574))?
7
Suppose -19*t - 3292 = -23*t. What is the hundreds digit of t?
8
Suppose 6 = 3*t - 0. Suppose -5*c + 84 = t*c. Suppose 4*u + 7*d - 4*d = 22, 2*d = -2*u + c. What is the units digit of u?
4
Suppose 1663 = 5*l - r - 2697, 0 = 2*r - 10. What is the tens digit of l?
7
Let u = -61 - -309. Suppose -p - u = -2*p. What is the units digit of 1/(-2) + p/16?
5
Suppose -3*b = -7 + 10. What is the units digit of 2/(b - 93/(-87))?
9
Let r = 524 + -169. What is the hundreds digit of r?
3
Suppose p - 5*p - 760 = 0. What is the units digit of 2/(-19) + (-12750)/p?
7
Suppose 2*q - 3*q + 33 = 0. Let s = 38 - q. What is the units digit of s?
5
Suppose 4*i - 920 = -2*c, 0 = -4*c - 3*i + 4*i + 1876. What is the hundreds digit of c?
4
Let w(n) = -n + 3*n + 0*n + 7*n - 10. What is the units digit of w(5)?
5
Let b(y) = 14*y**2 - 2*y - 19. Let j be b(-4). Suppose -f + j = 3*c, f - 4*c = -0*f + 234. What is the tens digit of f?
2
Let r(d) = 6*d**2 + 14*d - 110. What is the hundreds digit of r(24)?
6
Let f = -648 - -1210. Suppose 0 = -4*u - o + 450, 5*u + o - f = -0*u. What is the units digit of u?
2
Suppose 181*l - 27510 = 171*l. What is the units digit of l?
1
Let t(h) = 3*h**3 + 4*h**2 + h**3 - 4 - 4*h - 3*h**3. Let g be t(-4). What is the tens digit of ((-87)/g)/(4/(-16))?
2
Let u(n) = -10*n**3 - 2*n**2 - 16*n + 11. What is the tens digit of u(-4)?
8
Suppose 70 - 2 = 2*s. Suppose 5*q - 2*p = 42, 4*q - 4*p - s - 2 = 0. Suppose 5*b + n = 38 + 2, 4*n = -b + q. What is the units digit of b?
8
Suppose 2*m = 6*m + 256. Let y = 100 + m. Suppose -4*k + y = -0. What is the units digit of k?
9
Suppose 3*m - j + 311 = 0, -6*m + m - 3*j - 509 = 0. Let r = m + 46. What is the tens digit of 3 + r*(-3)/3?
6
Suppose 12*i = 24585 - 2469. What is the tens digit of i?
4
Let c be (-4)/2 - (25 - 6). Let l be 18/c*1*-112. What is the tens digit of 2/(l/45 + -2)?
1
Let u be -72*(4 + -5) + 2. Suppose 3*j - u - 37 = 0. What is the tens digit of j?
3
Suppose -10 = -5*u - 0, 4*y + 70 = -5*u. Let s = y - -23. Suppose 176 = 2*j + s*j + 2*q, 5*q - 185 = -5*j. What is the tens digit of j?
3
Suppose -t = -3*a + 3, 6 = 2*a + 4. Suppose -2*d - 10 + 24 = t. What is the units digit of d?
7
Let t be -1 + -1 + 0/(-2). Let m be 22*(1 - 3/t). Let w = m + -29. What is the units digit of w?
6
Suppose r - 2*c = 12, -c - 2*c + 15 = 4*r. What is the tens digit of (-255)/r*(4/20 + -1)?
3
Suppose 16*j + 10725 = 29*j. What is the tens digit of j?
2
Let t(o) = -o + 7. Let g be t(7). Let w be (-3 - -4)*(-2 - g). What is the tens digit of w/(-2) - (-266)/7?
3
Let g(o) = -o**3 - 11*o**2 + 12*o + 4. Let y be g(-12). Let r be (-20)/(-90) + 34/9. Suppose -2*b + 78 = 4*v, y*b - 33 = 3*b + r*v. What is the tens digit of b?
3
Suppose -3*z - 2*w - 8 = 0, -w = 2*z + 3*w + 16. Suppose z = 3*j - 37 + 7. What is the units digit of j?
0
Let x = 6 + -6. Suppose x = -4*y + 92 + 328. What is the units digit of y?
5
Let z = 94 + -47. Suppose 3*v - 4*v = -z. What is the units digit of v?
7
Suppose 0*c - 5*c = -25. Suppose t + 2*i + 6 = 2*t, -5*t = c*i. Suppose 5*k - 32 = -12, -2*k + 62 = t*f. What is the tens digit of f?
2
Suppose 7*u - 4*u - 2*d = 6103, u - 4*d - 2051 = 0. What is the thousands digit of u?
2
Suppose 9*b = 6*b. Suppose -k - 3*k - 40 = b. What is the tens digit of 208/k*(-5)/2?
5
Let k = -19 + 29. Suppose 4*o - 3*o = k. Suppose -10*q + o = -5*q. What is the units digit of q?
2
Suppose 11*h - 12474 = 24288. What is the tens digit of h?
4
Suppose -1022 = 4*z - 6*z. Suppose z = 9*x - 2*x. What is the tens digit of x?
7
Let u = -1384 - -3232. What is the units digit of u?
8
Let q = 8754 + -4860. What is the tens digit of q?
9
Let x(r) be the third derivative of -r**4 - 43*r**3/6 - 12*r**2. What is the hundreds digit of x(-6)?
1
Let g(x) = -2*x**3 - 13*x**2 - 12*x + 45. Let w(a) = 5*a**3 + 39*a**2 + 37*a - 134. Let i(o) = 8*g(o) + 3*w(o). What is the units digit of i(13)?
3
Suppose 0 = -2*t + 2*p, 2*p + p + 6 = 0. Suppose -25 = -v - 5*n, 5*n + 1 = 2*v + 11. What is the units digit of ((-28)/v - t)*-10?
6
Let a be -2*(33/(-6) - -3). Let j(b) = 5 - 3*b - a. What is the tens digit of j(-6)?
1
Let z(y) be the second derivative of y**4/12 + 2*y**3/3 + 2*y**2 + 5*y. Let k be z(-9). Let w = k + -26. What is the units digit of w?
3
Let c(b) = b**2 + 3*b - 5. Let w be c(-4). Suppose -30*j + 26*j - 52 = 0. Let s = w - j. What is the tens digit of s?
1
What is the hundreds digit of 17*514/19 + 22/209?
4
Let a = -1386 - -2976. What is the thousands digit of a?
1
Let j(k) = 61*k - 132. What is the tens digit of j(13)?
6
Let z = 25 + -19. Suppose -792 = -z*f - 0*f. What is the units digit of f?
2
Let f = -6 + 13. Let m = -39 - f. Let k = m + 75. What is the units digit of k?
9
Let n = 3415 + -2439. What is the hundreds digit of n?
9
Let b(r) = r - 4. Let s be b(5). Let a be s + 2 + 2/(-2). What is the units digit of 100/8 - a/4?
2
Suppose 0 = -2*o + 1585 + 247. What is the units digit of o?
6
Suppose 19*f - 23*f = -676. What is the tens digit of f?
6
Let h(n) = -70*n**3 + n**2 - 2. Let y be h(-1). Let j = -42 + y. Suppose -3*v - 5*m = -j, -5*v = -3*m - 48 + 3. What is the units digit of v?
9
Suppose 5*b - 2*b = -5*f, 0 = 5*f - 4*b - 35. Suppose -2*i + i = f*s - 422, 2*s - 272 = 4*i. What is the hundreds digit of s?
1
Suppose -6*p = 4*p. Suppose -2*i + 60 - 8 = p. What is the tens digit of i?
2
Let q(b) = -3*b**3 - b**2 + 3. Let l(m) = 6*m**3 + 2*m**2 - m - 6. Let j(i) = -2*l(i) - 5*q(i). What is the units digit of j(2)?
9
Let u(k) = -10*k - 46. Let l be u(-5). Suppose 2*y = -l*a + 108, -4*y - 5*a = -142 - 83. What is the units digit of y?
0
Let i = 23 + -13. Suppose -l + 3 = 4*v - 3, -4*l - 2*v = -i. Suppose -l*y = -3*z + 2*z + 22, -3*y = -5*z + 82. What is the tens digit of z?
1
Let o(t) = -t**3 + t**2 + t. Let d(x) = -3*x**3 - 3*x**2 + 3. Let u(a) = -d(a) + 2*o(a). Suppose 0 = 3*j + 7 + 2. What is the units digit of u(j)?
9
What is the tens digit of 19 + -28 - (-3270)/2?
2
Let r(o) be the second derivative of -o**4/12 + o**3/6 - 3*o**2 - 5